, 7
Let p be 55/(-5) - 380 - (-1 + 6). Let j = 144 - p. List the prime factors of j.
2, 3, 5
Suppose 13*n = 18 + 281. Suppose -4*d = -1 - n. Suppose d*k - 46 = 5*k. List the prime factors of k.
2, 23
Let c(g) = -2*g + 4*g - 2 + 21 - 3*g. Let a be c(14). Suppose -2*b + 76 = -5*x, x - a*x + 40 = 2*b. List the prime factors of b.
2, 7
Let w(i) = 43*i**2 - 7*i + 16. Let r be w(3). Suppose 24*l - 25*l = -r. List the prime factors of l.
2, 191
Let t(m) = -3*m - 7. Let b be t(-3). Suppose -170 = -3*h - b*h. Let u = -10 + h. What are the prime factors of u?
2, 3
List the prime factors of 3 + 6173/2*(-162)/(-81).
2, 193
Let i(q) = 59*q**2 - 14*q + 21. Let j be i(3). Let u = 12 + j. List the prime factors of u.
2, 3, 29
Suppose -2*t - 2*f - 2*f = 4, 3*f = -9. Suppose 4*l + 5*n + 2662 = 0, -t*n + 488 = -l - 167. List the prime factors of -1*(-21)/(-28) - l/4.
3, 5, 11
Suppose -s = -3*i - 152, -6*s + 4*s - 60 = i. Let n = 136 + i. What are the prime factors of n?
2, 3, 7
Suppose -2*s = -5*p + 33, -p + 1 = 4. Let q = 22 + s. List the prime factors of q + -1 - (3 + -52).
2, 23
Let j = 72144 + -48291. What are the prime factors of j?
3, 7951
Let z(h) = h**3 - 16*h**2 - h + 20. Let d be z(16). Let y(s) = -s - 13. Let v be y(d). Let k(r) = -r + 35. List the prime factors of k(v).
2, 13
Let m(f) = 22*f + f**3 - 5*f**2 + 7 - 3*f - 13. Let b = 6 - 0. What are the prime factors of m(b)?
2, 3
Let t(q) = -66*q**2 + 2 - 3*q + 64*q**2 - 4. Let h be t(-3). Let x = h + 41. What are the prime factors of x?
2, 3, 5
Let y(o) = 1 + 23*o**2 + 9 + 32*o**2 - 2 - 5*o. What are the prime factors of y(2)?
2, 109
Suppose 13*p + 4*i - 11 = 14*p, 0 = -3*p - 3*i + 27. Suppose -2210 = -5*s - 5*z, s = -p*z + 477 - 43. List the prime factors of s.
2, 3, 37
Let f = -216 - -261. Suppose f*j + m + 629 = 47*j, -4*j - 5*m + 1293 = 0. What are the prime factors of j?
317
Let r(g) = 3*g + 45. Let s be r(-11). Suppose s = 3*t, 8*v - 11*v + 1279 = -5*t. List the prime factors of v.
433
Let b be 12/(-42)*-7*(0 + -2). Let t(f) = 7*f**2 - 4*f - 5. What are the prime factors of t(b)?
3, 41
Suppose 2 = 4*p - 14, 3*u + 8 = 5*p. Suppose 0 = u*i + 2*f - 486, 5*i + 603 = 10*i - 2*f. What are the prime factors of i?
11
Let s be 12/8*20280/45. Let p = s + 483. List the prime factors of p.
19, 61
Suppose 16*l - 228798 = 15*l - 17*l. What are the prime factors of l?
3, 19, 223
Let y(b) = -b - 1. Let t(m) = 4*m + 33. Let n(x) = t(x) + 5*y(x). Let w be 5*(-1)/(30/(-54)). List the prime factors of n(w).
19
Let d = -2508 - -4951. List the prime factors of d.
7, 349
Let h = -185 + 186. Let m(u) = 937*u**3 + 5*u**2 - 7*u + 3. What are the prime factors of m(h)?
2, 7, 67
Let p = 18 - 21. Let j(g) = -g**2 - 5*g - 1. Let f be j(p). Suppose -f*l - 2*c - 3 = -326, -4*l + 3*c = -240. What are the prime factors of l?
3, 7
Let v be 518/2 + 6/3. Let y be (-40)/(-30) - 8/(-48)*-1034. Let m = y + v. List the prime factors of m.
2, 3, 5
Let y(d) = -40*d + 12. Let m be y(-10). Let g = -290 + m. Suppose g = 3*t - 133. List the prime factors of t.
5, 17
Let u be -3*(-25)/15 - (-4 - -6). Suppose -3*f + 2*f = -u*j + 33, -2*j + 3*f + 29 = 0. What are the prime factors of j?
2, 5
Let j(o) = -o + 5. Let w be j(1). Let k(s) = 9*s**3 + s**2 - 8*s + 10. List the prime factors of k(w).
2, 3, 5, 19
Let i(p) = -p**2 - p - 1. Let j(g) = -4*g**2 + 3*g + 38. Let d(z) = 3*i(z) - j(z). Suppose -41*c + 53*c = 228. What are the prime factors of d(c)?
2, 103
Let y(r) = -2*r**2 - 5*r + 7. Let a be y(-3). Suppose -4 = -a*p + 4*c, 0*c = 3*p - 5*c + 3. Suppose 0*z - p*z = -456. List the prime factors of z.
2, 3, 19
Suppose -35*w = -24941 - 322329. List the prime factors of w.
2, 11, 41
Let k(t) be the second derivative of 13*t**3/3 + 39*t + 2. List the prime factors of k(3).
2, 3, 13
Let x = 1120 - 1656. Let s = x - -1129. Let y = s - 411. What are the prime factors of y?
2, 7, 13
What are the prime factors of 645*(-377)/(-39) - 14?
6221
Suppose -2*h = 5*a - 5*h - 5, -4*h = -5*a. What are the prime factors of 524/(a + -3) + 5 - 5?
2, 131
Suppose 705 + 948 = 19*o. What are the prime factors of 1*o - (-12 - -14)?
5, 17
Suppose 4*u - 190912 = 3*b, -3*u = -29*b + 31*b - 143218. List the prime factors of u.
2, 29, 823
Let t = -1078 - -1975. What are the prime factors of t?
3, 13, 23
Let o(m) = 2517*m + 227. What are the prime factors of o(4)?
5, 29, 71
Let g(s) = -35*s - 40*s - 26 - 43*s + 146*s - 44*s. Let c = 14 - 30. What are the prime factors of g(c)?
2, 5, 23
List the prime factors of (17230 - -48)/((4/2)/1).
53, 163
Let o(d) = -5*d - 17*d - 14 - 28*d + 4*d. List the prime factors of o(-23).
2, 3, 29
Suppose 4*w + 1631 = -5*n + 5675, 5*w - 5010 = 5*n. Let k = w - -965. What are the prime factors of k?
3, 73
Let v be 2 + (-12)/(-66) + (-35)/11. List the prime factors of 2*(-3362)/(-20) + v/5.
2, 3, 7
Let n be (2/(-7))/(4/(-28)). What are the prime factors of ((-1368)/(-40))/((4/10)/n)?
3, 19
Let j(c) = -c**2 + 15 + 13*c - 27*c + 3*c**2 - c**2. Let v be j(7). Let u = v + 52. List the prime factors of u.
2, 3
Let j(c) = -38*c**2 - c + 1. Suppose -x - 89 = -87. Let l be j(x). Let a = -29 - l. What are the prime factors of a?
2, 3, 5
Let y = 29163 - 18018. What are the prime factors of y?
3, 5, 743
Let b = -215 + 14632. What are the prime factors of b?
13, 1109
Let u(f) = f**3 - 5*f**2 + 2. Let o be u(5). Let r be o/30*10*42/4. What are the prime factors of (8/12)/(r/546)?
2, 13
Let y(f) = -2*f**3 - 8*f**2 + 2*f - 2. Let g = -96 - -128. Suppose 0*l = 4*l - 2*j + g, 3*j - 30 = 3*l. What are the prime factors of y(l)?
2, 5, 13
Let f = -7672 - -13284. What are the prime factors of f?
2, 23, 61
Let x(z) = 8*z**2 + 4*z - 15. Let v be 10*((-116)/40 + 6/(-10)). Let g = -40 - v. List the prime factors of x(g).
3, 5, 11
Let b(d) = 27*d - 69. Let h(r) = 14*r + 100. Let v be h(-5). List the prime factors of b(v).
3, 13, 19
Suppose 0 = -4*r + 10*v - 8*v + 4, -2*r + 5*v - 14 = 0. Suppose 1855 = -6*j + 8*j - k, -r*k = -2*j + 1845. List the prime factors of j.
2, 3, 5, 31
Let l(f) = 3*f**2 + 1. Let p be l(-1). Let s be 1/p + (-362)/8. Let t = -35 - s. What are the prime factors of t?
2, 5
Suppose -2*z = 10, -z + 395 = 4*h - 864. Suppose 43*j - h = 39*j. What are the prime factors of 18/27*j*3?
2, 79
Let r be (-4)/2 + 9 + -1 + -4. Suppose 2*v - 307 = r*i - 1203, -3*v = i - 452. What are the prime factors of i?
449
Let d be -1*(0/(-11) - -5*1). What are the prime factors of (4/d)/((-32)/1680)*8?
2, 3, 7
Suppose -27 = -4*q - 11. Suppose -5*l - 2*x + 2701 = -0*x, q*x - 12 = 0. What are the prime factors of l?
7, 11
Suppose 2*i = -3*z + 67470, -123955 - 10987 = -4*i - 5*z. What are the prime factors of i?
2, 3, 5623
Suppose 7*o + 6 = -4*y + 4*o, 4*o = -8. Suppose 5*b - 11*b + 84 = y. List the prime factors of b.
2, 7
Let v(j) = 10*j**2 - 11*j + 5. Let y be v(4). Let p be (-84 - 40)*(-1 + 0). Let h = p - y. What are the prime factors of h?
3
Let t = -854 + 858. Let o(u) = 89*u - 3. Let v be o(2). Suppose t*j = 93 + v. What are the prime factors of j?
67
Suppose 2*u - 88 = -5*f, 0 = 2*f - 3*f + 4*u + 22. Suppose -g - 2 = 0, -f*m + 2*g + 198 = -17*m. What are the prime factors of m?
2, 97
Let p(c) = c**2 - c + 1. Let m be p(1). Let s(b) be the first derivative of 119*b**3/3 - 3*b**2/2 + 3*b + 194. List the prime factors of s(m).
7, 17
List the prime factors of (-279914)/(-46) + 384/(-4416).
5, 1217
Let u(i) = 2*i**3 + 16*i**2 - 8*i - 5. Let w be u(-8). Let x = w - 52. What are the prime factors of x?
7
Let s be 225 + ((-9)/(-2) - 4)*-6. Let a = 278 - s. List the prime factors of a.
2, 7
Suppose u + 1 = -3, -2*m + 5*u = -12. What are the prime factors of (-2)/((m/1)/((-56452)/(-22)))?
1283
Let d(j) = 298*j - 1346. What are the prime factors of d(17)?
2, 3, 5, 31
Suppose -43 = -3*i + 5*a, 4*a + 0*a = 4*i - 52. Suppose -2760 = 5*c - i*c. List the prime factors of c.
2, 5, 23
Let w = 98 + -393. Let i = -438 + 246. Let u = i - w. List the prime factors of u.
103
Suppose 2 = o - 4*w + 13, w = 2*o + 8. Let d(t) be the second derivative of 7*t**4/12 + 2*t**3/3 - t**2 - 8*t + 6. What are the prime factors of d(o)?
7
Let q(m) = -2*m**3 - 89*m**2 - 83*m + 120. What are the prime factors of q(-46)?
2, 37, 139
Let d(c) be the first derivative of 25*c**4/24 - 6*c**3 - 11*c**2 + 43. Let b